 + 2. Let k be r(-2). Let f(u) = u**3 + 2*u**2 - u - 2. Let v be f(k). Let c(d) = d - 5. Determine c(v).
-5
Let c(p) = 2*p + 14. Let y be c(-11). Let r = 6 + y. Let j(h) = 4*h. Give j(r).
-8
Suppose u = -4, u + 0 = g - 2. Let a(v) = -v**3 - v**2 - v - 1. Let x be a(g). Let r(z) = 4 - 3 - 6 + z + 2. Give r(x).
2
Let t(y) = -y**3 - 10*y**2 + y + 14. Let h be t(-10). Suppose 3*u - 12 = h*w, 4*u + 3 - 6 = w. Let z(n) = -3 + n**2 + n + 3*n - n**3 + u*n**2. Calculate z(2).
1
Let p(t) = -t - 7. Let n(g) = -g - 11. Let u be n(-8). Let f be (u - (-44)/8)*-2. Calculate p(f).
-2
Let k(a) = a**2 - 2 + 0 + 5 + 4*a. Calculate k(-3).
0
Let y = 330 - 192. Suppose -5*o + y = -2*t, -29 = -o - 2*t + t. Suppose -4*x = 4*f + o, x + 3*x = -8. Let h(s) = -s**2 - 5*s + 4. Calculate h(f).
4
Let p(v) = -4*v + 17. Let s be p(4). Let x(r) = 21*r**3 - r**2 + 1. Give x(s).
21
Let j(n) = n**2 + 1. Let g be j(-1). Suppose 4*u + 5*p - 17 = -0*p, g*u + 3*p = 11. Let k(x) = 5*x + 3. What is k(u)?
-7
Suppose -1 + 0 = -l. Let x be -1 + 1 + l + 2. Let j(r) = -r**3 + 3*r**2 + 2*r - 1. What is j(x)?
5
Let p(t) = -4*t**2 + 8*t**2 - 5*t**2. Calculate p(-1).
-1
Let x be (-2)/(-4)*(-1 + 5). Let y(m) be the first derivative of 2*m**3/3 - 3*m**2/2 + 2*m - 9. Calculate y(x).
4
Let z(u) = -13*u**2 + 9*u**2 - 4*u + u**3 + 3*u + 4 + 8*u**2. What is z(-4)?
8
Let x(j) = -j**3 + 5*j**2 - 3*j + 2. Suppose 4*p = 7 + 9. What is x(p)?
6
Let t(s) = 2*s**2. Let h = 23 + -22. Calculate t(h).
2
Suppose 4*j + 2 = 5*j. Let s(l) = -4*l. Let w(z) = -5*z. Let i(n) = j*s(n) - 3*w(n). Calculate i(-1).
-7
Let r(w) = -2*w - 3. Let b = -15 - -13. Give r(b).
1
Let n(c) be the second derivative of -c**5/20 + c**4/3 + 7*c**3/6 - 7*c**2/2 + 19*c. Determine n(5).
3
Let y(b) be the third derivative of 13*b**4/24 - 11*b**2. Give y(2).
26
Let l = -38 + 43. Let b(c) be the third derivative of 1/6*c**3 + 1/12*c**l - 1/12*c**4 + 0*c - 3*c**2 + 0. Give b(1).
4
Let b(a) = a**3 + a**2 - a - 6. Let h be 3*-2*7/(-14). Suppose -2*m = 3*m + 5*o + 10, 9 = h*m - 2*o. Let z be (1/1)/(-1) + m. Calculate b(z).
-6
Let v(r) = 7*r**2 + 5*r - 7. Let o(a) = 4*a**2 + 3*a - 3. Suppose -2*f - 2 = -12. Let h(w) = f*o(w) - 3*v(w). Calculate h(0).
6
Let m(c) be the first derivative of c**3/3 + 3*c**2 + 3*c - 16. Determine m(-5).
-2
Let z = -12 - -14. Suppose z*n = 3*n. Let p(t) = -t - 2. Give p(n).
-2
Let x(c) = -2*c - 2. Let z = -2 + 3. Let y be (-2*z - 1)*-1. Let p be 8/(-2) + (4 - y). Give x(p).
4
Let x(a) = -9*a**2 - 3*a - 2. Let b(l) = -5*l**2 - 2*l - 1. Let f(o) = -5*b(o) + 3*x(o). Determine f(2).
-7
Let v(y) = y + 9 - 9 + 0*y. Let c be v(-4). Let n(x) = -5*x**3 - 3*x**2 + 6*x + 6. Let p(u) = u**3. Let r(l) = n(l) + 4*p(l). Calculate r(c).
-2
Let f be (-10 - -9)*(-1 - -1). Let w(u) be the second derivative of u + 1/6*u**3 - 3*u**2 + f. Determine w(0).
-6
Let a(b) be the third derivative of b**4/24 + 11*b**3/6 + 7*b**2. Suppose 3 = 3*i, 5*n + 0*i - 2 = -2*i. Calculate a(n).
11
Let s = -19 + 17. Let o(u) = 2*u**2 - 2*u. Calculate o(s).
12
Let u(p) = 2*p - 2. Let d(n) = 3*n - 3. Let q(i) = 5*d(i) - 6*u(i). What is q(3)?
6
Let w(c) be the first derivative of c**3/3 + c**2 - 3*c - 1. Let p be w(-4). Let g(m) = -3*m + 3 - 5 + p*m. Give g(-2).
-6
Let x(m) = -m - 10. Let c be x(-10). Suppose -5*k + 6*k = c. Let y(v) = -v**3 + v**2 + v + 1. Give y(k).
1
Let p(v) = 0*v + 4*v - 3*v. Let j be ((-3)/7)/(26/182). Give p(j).
-3
Suppose 3*l + 4 = -2. Let d(i) = 2*i**2 - i**2 + 2 + 0*i**2. What is d(l)?
6
Suppose -20 = -3*l - 2*l. Suppose l*d = -d. Let o(c) = c - 5 + 4 + d. Calculate o(-3).
-4
Let s(x) be the third derivative of 0 - 5/6*x**3 + 1/4*x**4 + 0*x - 7*x**2 - 1/60*x**5. Calculate s(5).
0
Let w(k) be the second derivative of k**4/12 - 3*k**3/2 + 3*k**2 + 12*k. Determine w(4).
-14
Let a(s) = 7*s**3 - 3*s**2 - 5*s - 10. Let h(x) = 10*x**3 - 4*x**2 - 7*x - 15. Let b(c) = -7*a(c) + 5*h(c). What is b(0)?
-5
Suppose -2 = -7*j + 5*j. Let m(f) = -5*f**3 + 11*f**2 + 8*f + 7. Let t(x) = x**3 - x**2 - x. Let v be 9/2*4/3. Let r(a) = j*m(a) + v*t(a). Calculate r(-5).
-3
Let j(v) be the first derivative of v**4/4 - 4*v**3/3 + v**2/2 - v - 12. Determine j(2).
-7
Let m(n) = 2*n**2 + 5*n - 6. Let x(p) = 3*p**2 + 4*p - 6. Suppose -1 = -z + 2. Let o(v) = z*x(v) - 4*m(v). Calculate o(6).
-6
Let v(o) be the first derivative of o**2 - 2*o - 1/4*o**4 + 2/3*o**3 - 2. Let w be (0 + 3)/(12/8). Determine v(w).
2
Let b(s) be the first derivative of -s**3/3 - 3*s**2/2 + 2*s + 1. Let j(k) = k - 8. Let i be j(4). Give b(i).
-2
Let b = -3 - -1. Suppose 5*i + 0*i - 10 = 0, 0 = 5*p - 2*i + 9. Let m be (6/(-4))/(p/b). Let o(l) = l - 4. Give o(m).
-7
Suppose 0 = 3*o + 2*i - 14 - 11, -4*o + 2*i + 10 = 0. Suppose -3*y = -8*y + o. Let s(k) = 2 - 5*k + 2 - 5. Calculate s(y).
-6
Let k(i) = -i**2 - 6*i - 4. Let t be -2*(2 + -3) + 3. Let s(u) = u - 2. Let n be s(2). Suppose -o - t = -n*o. Give k(o).
1
Let c(y) = -y**2 - y + 2. Let x be c(-2). Suppose x*n + 3 = 3*n. Let f(z) = z**2 + z - 1. Let l be f(n). Let m(q) = 2*q**2 - q. Give m(l).
1
Let u(f) = 3*f**2 + 5*f - 7. Let o(v) = 2*v**2 + 3*v - 5. Let p(y) = -8*o(y) + 5*u(y). Determine p(5).
-15
Let h(d) = -3. Let z(s) = 3. Let b(j) = 4*h(j) + 5*z(j). Let i(c) = c - 6. Let m(a) = -5*b(a) - 2*i(a). Give m(-2).
1
Let n(x) be the first derivative of -x**3/3 - x**2/2 - 4*x + 1. Suppose 3*d - j + 7 = 2*d, 0 = -d - 4*j + 13. Give n(d).
-10
Let d(a) = -a**2 - 3*a - 3. Let z(g) = -g**2 - 6*g - 10. Let o be z(-4). Calculate d(o).
-1
Suppose i = -6*i + 7. Let o(s) = -9*s**3 + 2*s**2 - 2*s + 1. Calculate o(i).
-8
Let c(k) be the second derivative of 0*k**2 + 1/240*k**6 + 0*k**3 + 1/6*k**4 + k + 0 + 1/120*k**5. Let r(z) be the third derivative of c(z). Determine r(1).
4
Let x(w) be the third derivative of -w**8/2880 + w**7/5040 - w**6/720 + w**5/15 - 4*w**2. Let g(k) be the third derivative of x(k). Let d = 0 - -1. Give g(d).
-7
Let i(t) = -2*t**3 - t**2 - 2*t + 7. Let v(a) = 3*a**3 + 3*a**2 + 3*a - 13. Let u(c) = -5*i(c) - 3*v(c). Calculate u(3).
-2
Let d(z) = z - 7. Let t be d(5). Let g = t + 3. Let a(p) = 5*p - p + 1 - g. Give a(-1).
-4
Let z = -12 + 13. Let t(s) = 2*s + 1. Calculate t(z).
3
Let o(z) = z**3 + 9*z**2 + 9*z + 3. Suppose 3 + 17 = -3*s + p, -3*s - 4*p - 40 = 0. Let w be o(s). Let d(t) = -t**2 - 2*t + 7. What is d(w)?
-8
Let b(f) be the second derivative of -f**5/10 - 8*f. What is b(-1)?
2
Let i(y) be the second derivative of -y**5/60 + y**4/4 - y**3/6 + y**2/2 + 3*y. Let r(n) be the first derivative of i(n). Determine r(4).
7
Let g(j) = -4*j + 4. Let x(v) = v**2 + 3*v - 7. Let t be x(-4). Determine g(t).
16
Let c(f) be the third derivative of 1/120*f**5 + 0*f + 4*f**2 - 1/3*f**3 + 0 + 1/24*f**4. Let w(t) be the first derivative of c(t). Give w(-4).
-3
Let j = 51 + -46. Let r(v) be the second derivative of 1/20*v**j + v - 1/3*v**4 - 3*v**2 - 1/2*v**3 + 0. What is r(5)?
4
Suppose n + 5*g + 13 = -3*n, 4*n + 4*g = -8. Let c(i) = -4 + 2*i**3 - 2*i - i**3 - i**2 - n*i**2. Let r = -7 - -12. Calculate c(r).
11
Suppose -a + 1 = -3. Let i(o) = -5*o + 5*o + a - 5 + 2*o - o**2. What is i(2)?
-1
Let x(s) = s**3 - 3*s**2 + 2*s + 1. Suppose 0*o = -2*o - 20. Let b = -7 - o. What is x(b)?
7
Suppose 6*s + 10 = -8. Let n(i) = 7*i - 4. Let a(y) = -3 + 0*y + y + 5*y. Let k(w) = 6*a(w) - 5*n(w). Calculate k(s).
-1
Let c = 4 - 9. Let z be (c/3)/(11/(-33)). Let f(k) be the first derivative of k**4/4 - 5*k**3/3 + k**2 - 7*k - 3. What is f(z)?
3
Suppose -2*z - z = 2*f + 4, f + 7 = z. Let y(v) = 4 + 5*v**z + v**3 + 2*v + 7*v**2 - 10*v**2. What is y(-3)?
-11
Let x(a) = -2*a + 3. Let o be x(2). Let w = 3 - o. Let d = w - -1. Let v(s) = -s**3 + 5*s**2 + s - 7. Determine v(d).
-2
Let n(a) = 2*a**2 + 2*a - 3. Let w(v) = -v - 2. Suppose -3*j = 3*d + 3, -5*d + 2*d - 2 = 4*j. Let q be w(j). Determine n(q).
9
Suppose -a = -5*b + a + 6, b = -4*a + 10. Let w(c) = 7*c**2 + 5*c - 5*c**2 + 5 - c**b + 1. Determine w(-4).
2
Suppose -5*f + 71 - 11 = 0. Suppose 0*k = 2*k + f. Let q(a) = -2*a - 9. Determine q(k).
3
Let l(y) = -y**2 - y. Let q(h) be the second derivative of -h**3/6 - 4*h**2 + 2*h. Let d be q(-8). Give l(d).
0
Let m(w) = -w**3 - 4*w**2 - w - 1. Let u(n) = n**3 + 4*n**2 - 4*n + 1. Let r be u(-5). Calculate m(r).
3
Let f = 1056 + -25337/24. Let l(a) be the third d